{"id":2509,"date":"2024-08-01T17:15:54","date_gmt":"2024-08-01T17:15:54","guid":{"rendered":"https:\/\/terramar.tur.ar\/?post_type=product&#038;p=2509"},"modified":"2026-03-30T13:52:11","modified_gmt":"2026-03-30T16:52:11","slug":"trekking-na-geleira-de-vinciguerra","status":"publish","type":"product","link":"https:\/\/terramar.tur.ar\/pt\/produto\/trekking-na-geleira-de-vinciguerra\/","title":{"rendered":"Trekking na geleira Vinciguerra"},"content":{"rendered":"<p>Come\u00e7ando o passeio em sua acomoda\u00e7\u00e3o pela manh\u00e3, seguiremos em dire\u00e7\u00e3o ao Vale de Andorra, o ponto de partida da trilha que nos levar\u00e1 ao nosso destino. Descobriremos diferentes paisagens, como p\u00e2ntanos de turfa e florestas de lenga, \u00f1ires e co\u00edhues. Continuaremos nossa jornada ao longo do rio at\u00e9 chegarmos \u00e0 Laguna de los T\u00e9mpanos, que contornaremos para chegar ao imponente Glaciar Vinciguerra, onde apreciaremos as cavernas e fendas desse grande corpo de gelo.<\/p>\n<p><img fetchpriority=\"high\" decoding=\"async\" class=\"alignnone wp-image-2516 size-full\" src=\"https:\/\/terramar.tur.ar\/wp-content\/uploads\/2024\/08\/Trekking-glaciar-vincinguerra-3-Terramar.jpg\" alt=\"Trekking na geleira de Vincinguerra 5\" width=\"1200\" height=\"800\" srcset=\"https:\/\/terramar.tur.ar\/wp-content\/uploads\/2024\/08\/Trekking-glaciar-vincinguerra-3-Terramar.jpg 1200w, https:\/\/terramar.tur.ar\/wp-content\/uploads\/2024\/08\/Trekking-glaciar-vincinguerra-3-Terramar-300x200.jpg 300w, https:\/\/terramar.tur.ar\/wp-content\/uploads\/2024\/08\/Trekking-glaciar-vincinguerra-3-Terramar-1024x683.jpg 1024w, https:\/\/terramar.tur.ar\/wp-content\/uploads\/2024\/08\/Trekking-glaciar-vincinguerra-3-Terramar-768x512.jpg 768w, https:\/\/terramar.tur.ar\/wp-content\/uploads\/2024\/08\/Trekking-glaciar-vincinguerra-3-Terramar-600x400.jpg 600w\" sizes=\"(max-width: 1200px) 100vw, 1200px\" \/><\/p>\n<h3>Informa\u00e7\u00f5es importantes<\/h3>\n<p>Hor\u00e1rio de partida: 8h30. Dura\u00e7\u00e3o aproximada: 8 horas (dependendo das condi\u00e7\u00f5es clim\u00e1ticas).<br \/>\nDist\u00e2ncia percorrida: aprox. 12 km. Diferen\u00e7a de altitude: aprox. 650 metros.<br \/>\nInclu\u00eddo: Traslados, guia, box lunch e bast\u00f5es de caminhada.<\/p>\n<h3>Requisitos<\/h3>\n<p>Ter experi\u00eancia em trekking e estar em boas condi\u00e7\u00f5es f\u00edsicas. N\u00e3o ter doen\u00e7as f\u00edsicas.<\/p>\n<p>Roupas: cal\u00e7ados imperme\u00e1veis para trekking, jaqueta e cal\u00e7a imperme\u00e1veis, chap\u00e9u, luvas, protetor solar, len\u00e7o de pesco\u00e7o, mochila com uma garrafa de \u00e1gua.<\/p>\n<p>-Taxas v\u00e1lidas at\u00e9 31\/03\/2026. Consulte a disponibilidade e as tarifas ap\u00f3s essa data por e-mail ou Whatsapp.<\/p>","protected":false},"excerpt":{"rendered":"<div class=\"flex flex-grow flex-col max-w-full\">\n<div class=\"min-h-[20px] text-message flex w-full flex-col items-end gap-2 whitespace-pre-wrap break-words [.text-message+&amp;]:mt-5 overflow-x-auto\" dir=\"auto\" data-message-author-role=\"assistant\" data-message-id=\"cd0ff704-6fee-492c-be26-99e4bd4d0cd8\">\n<div class=\"flex w-full flex-col gap-1 empty:hidden first:pt-[3px]\">\n<div class=\"markdown prose w-full break-words dark:prose-invert light\">\n<p>\u00a1Te invitamos a disfrutar de una excursi\u00f3n inolvidable! Comenzaremos desde tu alojamiento por la ma\u00f1ana y nos dirigiremos al hermoso Valle de Andorra. A lo largo del sendero, descubrir\u00e1s paisajes sorprendentes, desde turberas hasta majestuosos bosques de lenga, \u00f1ires y co\u00edhues. Siguiendo el curso del r\u00edo, llegaremos a la impresionante Laguna de los T\u00e9mpanos y finalmente al majestuoso Glaciar Vinciguerra, donde podr\u00e1s maravillarte con sus cuevas y grietas de hielo. \u00a1No te pierdas esta aventura \u00fanica!.<\/p>\n<\/div>\n<\/div>\n<\/div>\n<\/div>\n","protected":false},"featured_media":2514,"comment_status":"open","ping_status":"closed","template":"","meta":[],"product_brand":[],"product_cat":[18,21],"product_tag":[],"class_list":{"0":"post-2509","1":"product","2":"type-product","3":"status-publish","4":"has-post-thumbnail","6":"product_cat-ushuaia","7":"product_cat-verano","9":"first","10":"instock","11":"virtual","12":"sold-individually","13":"taxable","14":"purchasable","15":"product-type-booking"},"booking_location":"","booking_location_type":"","booking_duration":1,"booking_duration_unit":"day","booking_buffer":0,"booking_cost":0,"booking_resources":[],"_links":{"self":[{"href":"https:\/\/terramar.tur.ar\/pt\/wp-json\/wp\/v2\/product\/2509","targetHints":{"allow":["GET"]}}],"collection":[{"href":"https:\/\/terramar.tur.ar\/pt\/wp-json\/wp\/v2\/product"}],"about":[{"href":"https:\/\/terramar.tur.ar\/pt\/wp-json\/wp\/v2\/types\/product"}],"replies":[{"embeddable":true,"href":"https:\/\/terramar.tur.ar\/pt\/wp-json\/wp\/v2\/comments?post=2509"}],"wp:featuredmedia":[{"embeddable":true,"href":"https:\/\/terramar.tur.ar\/pt\/wp-json\/wp\/v2\/media\/2514"}],"wp:attachment":[{"href":"https:\/\/terramar.tur.ar\/pt\/wp-json\/wp\/v2\/media?parent=2509"}],"wp:term":[{"taxonomy":"product_brand","embeddable":true,"href":"https:\/\/terramar.tur.ar\/pt\/wp-json\/wp\/v2\/product_brand?post=2509"},{"taxonomy":"product_cat","embeddable":true,"href":"https:\/\/terramar.tur.ar\/pt\/wp-json\/wp\/v2\/product_cat?post=2509"},{"taxonomy":"product_tag","embeddable":true,"href":"https:\/\/terramar.tur.ar\/pt\/wp-json\/wp\/v2\/product_tag?post=2509"}],"curies":[{"name":"wp","href":"https:\/\/api.w.org\/{rel}","templated":true}]}}

<p>Começando o passeio em sua acomodação pela manhã, seguiremos em direção ao Vale de Andorra, o ponto de partida da trilha que nos levará ao nosso destino. Descobriremos diferentes paisagens, como pântanos de turfa e florestas de lenga, ñires e coíhues. Continuaremos nossa jornada ao longo do rio até chegarmos à Laguna de los Témpanos, que contornaremos para chegar ao imponente Glaciar Vinciguerra, onde apreciaremos as cavernas e fendas desse grande corpo de gelo.</p>
<p><img fetchpriority="high" decoding="async" class="alignnone wp-image-2516 size-full" src="https://terramar.tur.ar/wp-content/uploads/2024/08/Trekking-glaciar-vincinguerra-3-Terramar.jpg" alt="Trekking na geleira de Vincinguerra 5" width="1200" height="800" srcset="https://terramar.tur.ar/wp-content/uploads/2024/08/Trekking-glaciar-vincinguerra-3-Terramar.jpg 1200w, https://terramar.tur.ar/wp-content/uploads/2024/08/Trekking-glaciar-vincinguerra-3-Terramar-300x200.jpg 300w, https://terramar.tur.ar/wp-content/uploads/2024/08/Trekking-glaciar-vincinguerra-3-Terramar-1024x683.jpg 1024w, https://terramar.tur.ar/wp-content/uploads/2024/08/Trekking-glaciar-vincinguerra-3-Terramar-768x512.jpg 768w, https://terramar.tur.ar/wp-content/uploads/2024/08/Trekking-glaciar-vincinguerra-3-Terramar-600x400.jpg 600w" sizes="(max-width: 1200px) 100vw, 1200px" /></p>
<h3>Informações importantes</h3>
<p>Horário de partida: 8h30. Duração aproximada: 8 horas (dependendo das condições climáticas).<br />
Distância percorrida: aprox. 12 km. Diferença de altitude: aprox. 650 metros.<br />
Incluído: Traslados, guia, box lunch e bastões de caminhada.</p>
<h3>Requisitos</h3>
<p>Ter experiência em trekking e estar em boas condições físicas. Não ter doenças físicas.</p>
<p>Roupas: calçados impermeáveis para trekking, jaqueta e calça impermeáveis, chapéu, luvas, protetor solar, lenço de pescoço, mochila com uma garrafa de água.</p>
<p>-Taxas válidas até 31/03/2026. Consulte a disponibilidade e as tarifas após essa data por e-mail ou Whatsapp.</p>

<div class="flex flex-grow flex-col max-w-full">
<div class="min-h-[20px] text-message flex w-full flex-col items-end gap-2 whitespace-pre-wrap break-words [.text-message+&amp;]:mt-5 overflow-x-auto" dir="auto" data-message-author-role="assistant" data-message-id="cd0ff704-6fee-492c-be26-99e4bd4d0cd8">
<div class="flex w-full flex-col gap-1 empty:hidden first:pt-[3px]">
<div class="markdown prose w-full break-words dark:prose-invert light">
<p>¡Te invitamos a disfrutar de una excursión inolvidable! Comenzaremos desde tu alojamiento por la mañana y nos dirigiremos al hermoso Valle de Andorra. A lo largo del sendero, descubrirás paisajes sorprendentes, desde turberas hasta majestuosos bosques de lenga, ñires y coíhues. Siguiendo el curso del río, llegaremos a la impresionante Laguna de los Témpanos y finalmente al majestuoso Glaciar Vinciguerra, donde podrás maravillarte con sus cuevas y grietas de hielo. ¡No te pierdas esta aventura única!.</p>
</div>
</div>
</div>
</div>
