{"id":2525,"date":"2024-08-01T17:52:14","date_gmt":"2024-08-01T17:52:14","guid":{"rendered":"https:\/\/terramar.tur.ar\/?post_type=product&#038;p=2525"},"modified":"2026-03-30T13:50:52","modified_gmt":"2026-03-30T16:50:52","slug":"montanha-carbajal-e-lagoa-turquesa","status":"publish","type":"product","link":"https:\/\/terramar.tur.ar\/pt\/produto\/montanha-carbajal-e-lagoa-turquesa\/","title":{"rendered":"Monte Carbajal e Lagoa Turquesa"},"content":{"rendered":"<p>Esse passeio foi criado para os amantes de trekking e aventura. \u00c9 um circuito no qual veremos v\u00e1rias lagoas e chegaremos \u00e0 parte alta do Monte Carabajal, onde as vistas de 360\u00b0 s\u00e3o um espet\u00e1culo que nos proporcionar\u00e1 um momento memor\u00e1vel. Retornaremos pelo Vale do Olum, o que nos permitir\u00e1 conhecer outro caminho e outras vistas.<\/p>\n<p>Come\u00e7amos nossa caminhada no Vale Tierra Mayor, onde a Lagoa Turquesa \u00e9 nossa primeira parada. Continuamos a subida at\u00e9 um cume rochoso, onde contornaremos a lagoa ao longo da parte superior da montanha at\u00e9 chegarmos ao cume do Monte Carabajal. Essa parte da rota tem vistas impressionantes: ao longe, sobre a cordilheira \u00e0 nossa frente, veremos a Laguna Esmeralda e a Geleira Ojo del Albino e, na parte inferior, o Vale Tierra Mayor e Carabajal, que tem uma das turfeiras mais extensas e inalteradas da regi\u00e3o. Para chegar ao topo da montanha, levaremos tr\u00eas horas de caminhada em um ritmo constante.<\/p>\n<p>Retornamos por outra estrada, atravessando diferentes lagos de montanha que foram formados pela neve que derrete no ver\u00e3o. O vale Olum \u00e9 o nosso caminho de volta, florestas nativas e represas de castores nos aguardam na parte inferior.<\/p>\n<p><img fetchpriority=\"high\" decoding=\"async\" class=\"alignnone wp-image-2529 size-full\" src=\"https:\/\/terramar.tur.ar\/wp-content\/uploads\/2024\/08\/Trekking-monte-carbajal-y-turquesa_3-Terramar.jpg\" alt=\"turquoise lagoon 3\" width=\"1200\" height=\"800\" srcset=\"https:\/\/terramar.tur.ar\/wp-content\/uploads\/2024\/08\/Trekking-monte-carbajal-y-turquesa_3-Terramar.jpg 1200w, https:\/\/terramar.tur.ar\/wp-content\/uploads\/2024\/08\/Trekking-monte-carbajal-y-turquesa_3-Terramar-300x200.jpg 300w, https:\/\/terramar.tur.ar\/wp-content\/uploads\/2024\/08\/Trekking-monte-carbajal-y-turquesa_3-Terramar-1024x683.jpg 1024w, https:\/\/terramar.tur.ar\/wp-content\/uploads\/2024\/08\/Trekking-monte-carbajal-y-turquesa_3-Terramar-768x512.jpg 768w, https:\/\/terramar.tur.ar\/wp-content\/uploads\/2024\/08\/Trekking-monte-carbajal-y-turquesa_3-Terramar-600x400.jpg 600w\" sizes=\"(max-width: 1200px) 100vw, 1200px\" \/><\/p>\n<h3>Informa\u00e7\u00f5es importantes<\/h3>\n<p>Dist\u00e2ncia total: 13 km. Ganho de eleva\u00e7\u00e3o: 700 mts positivos<br \/>\nDificuldade m\u00e9dia: \u00e9 necess\u00e1rio ter boas condi\u00e7\u00f5es f\u00edsicas.<br \/>\nEquipamento: fornecemos crampons ou raquetes de neve, bast\u00f5es de trekking.<br \/>\n\u00c9poca do ano: de novembro a maio.<\/p>\n<h3>Requisitos<\/h3>\n<p>Sapatos de trekking imperme\u00e1veis, botas de cano m\u00e9dio imperme\u00e1veis, meias e um par sobressalente, cal\u00e7as de trekking e capa imperme\u00e1vel para cal\u00e7as, chap\u00e9u, bon\u00e9, luvas, protetor solar, \u00f3culos de sol, mochila de 25\/30lts, garrafa de \u00e1gua.<\/p>\n<p>&nbsp;<\/p>","protected":false},"excerpt":{"rendered":"<p>N\u00f3s o convidamos para um incr\u00edvel passeio de trekking e aventura em Ushuaia. Come\u00e7ando no Vale Tierra Mayor, a primeira parada \u00e9 a impressionante Lagoa Turquesa. Continuaremos subindo at\u00e9 o cume do Monte Carabajal, onde voc\u00ea poder\u00e1 desfrutar de vistas panor\u00e2micas de 360\u00b0. No caminho de volta, passaremos pelo Vale Olum, com suas florestas nativas e represas de castores, para uma experi\u00eancia memor\u00e1vel entre lagoas e montanhas!<\/p>","protected":false},"featured_media":2530,"comment_status":"open","ping_status":"closed","template":"","meta":[],"product_brand":[],"product_cat":[18,21],"product_tag":[],"class_list":{"0":"post-2525","1":"product","2":"type-product","3":"status-publish","4":"has-post-thumbnail","6":"product_cat-ushuaia","7":"product_cat-verano","9":"first","10":"instock","11":"virtual","12":"sold-individually","13":"taxable","14":"purchasable","15":"product-type-booking"},"booking_location":"","booking_location_type":"","booking_duration":1,"booking_duration_unit":"day","booking_buffer":0,"booking_cost":0,"booking_resources":[],"_links":{"self":[{"href":"https:\/\/terramar.tur.ar\/pt\/wp-json\/wp\/v2\/product\/2525","targetHints":{"allow":["GET"]}}],"collection":[{"href":"https:\/\/terramar.tur.ar\/pt\/wp-json\/wp\/v2\/product"}],"about":[{"href":"https:\/\/terramar.tur.ar\/pt\/wp-json\/wp\/v2\/types\/product"}],"replies":[{"embeddable":true,"href":"https:\/\/terramar.tur.ar\/pt\/wp-json\/wp\/v2\/comments?post=2525"}],"wp:featuredmedia":[{"embeddable":true,"href":"https:\/\/terramar.tur.ar\/pt\/wp-json\/wp\/v2\/media\/2530"}],"wp:attachment":[{"href":"https:\/\/terramar.tur.ar\/pt\/wp-json\/wp\/v2\/media?parent=2525"}],"wp:term":[{"taxonomy":"product_brand","embeddable":true,"href":"https:\/\/terramar.tur.ar\/pt\/wp-json\/wp\/v2\/product_brand?post=2525"},{"taxonomy":"product_cat","embeddable":true,"href":"https:\/\/terramar.tur.ar\/pt\/wp-json\/wp\/v2\/product_cat?post=2525"},{"taxonomy":"product_tag","embeddable":true,"href":"https:\/\/terramar.tur.ar\/pt\/wp-json\/wp\/v2\/product_tag?post=2525"}],"curies":[{"name":"wp","href":"https:\/\/api.w.org\/{rel}","templated":true}]}}

<p>Esse passeio foi criado para os amantes de trekking e aventura. É um circuito no qual veremos várias lagoas e chegaremos à parte alta do Monte Carabajal, onde as vistas de 360° são um espetáculo que nos proporcionará um momento memorável. Retornaremos pelo Vale do Olum, o que nos permitirá conhecer outro caminho e outras vistas.</p>
<p>Começamos nossa caminhada no Vale Tierra Mayor, onde a Lagoa Turquesa é nossa primeira parada. Continuamos a subida até um cume rochoso, onde contornaremos a lagoa ao longo da parte superior da montanha até chegarmos ao cume do Monte Carabajal. Essa parte da rota tem vistas impressionantes: ao longe, sobre a cordilheira à nossa frente, veremos a Laguna Esmeralda e a Geleira Ojo del Albino e, na parte inferior, o Vale Tierra Mayor e Carabajal, que tem uma das turfeiras mais extensas e inalteradas da região. Para chegar ao topo da montanha, levaremos três horas de caminhada em um ritmo constante.</p>
<p>Retornamos por outra estrada, atravessando diferentes lagos de montanha que foram formados pela neve que derrete no verão. O vale Olum é o nosso caminho de volta, florestas nativas e represas de castores nos aguardam na parte inferior.</p>
<p><img fetchpriority="high" decoding="async" class="alignnone wp-image-2529 size-full" src="https://terramar.tur.ar/wp-content/uploads/2024/08/Trekking-monte-carbajal-y-turquesa_3-Terramar.jpg" alt="turquoise lagoon 3" width="1200" height="800" srcset="https://terramar.tur.ar/wp-content/uploads/2024/08/Trekking-monte-carbajal-y-turquesa_3-Terramar.jpg 1200w, https://terramar.tur.ar/wp-content/uploads/2024/08/Trekking-monte-carbajal-y-turquesa_3-Terramar-300x200.jpg 300w, https://terramar.tur.ar/wp-content/uploads/2024/08/Trekking-monte-carbajal-y-turquesa_3-Terramar-1024x683.jpg 1024w, https://terramar.tur.ar/wp-content/uploads/2024/08/Trekking-monte-carbajal-y-turquesa_3-Terramar-768x512.jpg 768w, https://terramar.tur.ar/wp-content/uploads/2024/08/Trekking-monte-carbajal-y-turquesa_3-Terramar-600x400.jpg 600w" sizes="(max-width: 1200px) 100vw, 1200px" /></p>
<h3>Informações importantes</h3>
<p>Distância total: 13 km. Ganho de elevação: 700 mts positivos<br />
Dificuldade média: é necessário ter boas condições físicas.<br />
Equipamento: fornecemos crampons ou raquetes de neve, bastões de trekking.<br />
Época do ano: de novembro a maio.</p>
<h3>Requisitos</h3>
<p>Sapatos de trekking impermeáveis, botas de cano médio impermeáveis, meias e um par sobressalente, calças de trekking e capa impermeável para calças, chapéu, boné, luvas, protetor solar, óculos de sol, mochila de 25/30lts, garrafa de água.</p>
<p>&nbsp;</p>

<p>Nós o convidamos para um incrível passeio de trekking e aventura em Ushuaia. Começando no Vale Tierra Mayor, a primeira parada é a impressionante Lagoa Turquesa. Continuaremos subindo até o cume do Monte Carabajal, onde você poderá desfrutar de vistas panorâmicas de 360°. No caminho de volta, passaremos pelo Vale Olum, com suas florestas nativas e represas de castores, para uma experiência memorável entre lagoas e montanhas!</p>
