{"id":2712,"date":"2024-08-07T12:30:35","date_gmt":"2024-08-07T12:30:35","guid":{"rendered":"https:\/\/terramar.tur.ar\/?post_type=product&#038;p=2712"},"modified":"2026-03-30T13:45:24","modified_gmt":"2026-03-30T16:45:24","slug":"sobrevoo-da-lagoa-esmeralda","status":"publish","type":"product","link":"https:\/\/terramar.tur.ar\/pt\/produto\/sobrevoo-da-lagoa-esmeralda\/","title":{"rendered":"Sobrevoo da Laguna Esmeralda"},"content":{"rendered":"<div class=\"wrapper_contenidos\">Uma paisagem \u00fanica no mundo, t\u00e3o perto que parece estar na ponta de seus dedos! E se formos em busca de uma joia natural? Essa experi\u00eancia maravilhosa come\u00e7a com um voo sobre a ba\u00eda de <strong>Ushuaia<\/strong>, e, em seguida, insira o <strong>Olivia River Valley<\/strong>, apreciando o majestoso <strong>Monte Ol\u00edvia<\/strong> e a caracter\u00edstica <strong>Monte Cinco Irm\u00e3os<\/strong>.<\/div>\n<div class=\"wrapper_contenidos\">Quando a imensid\u00e3o come\u00e7ar a lhe tirar o f\u00f4lego, voc\u00ea ter\u00e1 um vislumbre da <strong>Vale do Carbajal<\/strong>, com sua composi\u00e7\u00e3o particular de turfa formada ao longo de milhares de anos.<\/div>\n<div class=\"wrapper_contenidos\">A aventura continua pelo vale e segue para uma segunda cadeia de montanhas, que abriga uma incr\u00edvel massa de \u00e1gua chamada <strong>Lagoa Esmeralda<\/strong>, Isso se deve \u00e0 sua cor extraordin\u00e1ria, que se destaca principalmente durante o ver\u00e3o e mant\u00e9m uma cor que a faz se destacar da paisagem durante o outono, at\u00e9 congelar e ficar branca durante as nevascas do inverno. Essa obra da natureza \u00e9 uma das atra\u00e7\u00f5es mais visitadas no Fim do Mundo. Prepare sua c\u00e2mera... Voc\u00ea n\u00e3o vai acreditar!<\/div>\n<h3 class=\"main-title inner grey\">CARACTER\u00cdSTICAS<\/h3>\n<ul class=\"product-crumbs full\">\n<li class=\"season\">Temporada: o ano todo<\/li>\n<li class=\"location\">Hor\u00e1rio e local de partida: de sua acomoda\u00e7\u00e3o, hor\u00e1rio a ser combinado (sujeito a disponibilidade).<\/li>\n<li>Os voos est\u00e3o sujeitos \u00e0s condi\u00e7\u00f5es clim\u00e1ticas.<\/li>\n<li>Devido a uma limita\u00e7\u00e3o do fabricante, o peso m\u00e1ximo permitido por assento \u00e9 de 125 kg.<\/li>\n<li>A disposi\u00e7\u00e3o dos assentos fica a crit\u00e9rio do piloto.<\/li>\n<li>Os helic\u00f3pteros podem transportar at\u00e9 3 passageiros; caso haja um lugar livre, \u00e9 poss\u00edvel preench\u00ea-lo com outro passageiro.<\/li>\n<\/ul>\n<p>&nbsp;<\/p>\n<p>*Tarifas v\u00e1lidas at\u00e9 31\/01\/2026. Consulte a disponibilidade e as tarifas ap\u00f3s essa data por e-mail ou Whatsapp.<\/p>\n<p><img fetchpriority=\"high\" decoding=\"async\" class=\"alignnone wp-image-2381 size-full\" src=\"https:\/\/terramar.tur.ar\/wp-content\/uploads\/2024\/07\/sobrevuelo-1_2-Terramar.jpg\" alt=\"sobrev\u00f4o1_3\" width=\"1200\" height=\"800\" srcset=\"https:\/\/terramar.tur.ar\/wp-content\/uploads\/2024\/07\/sobrevuelo-1_2-Terramar.jpg 1200w, https:\/\/terramar.tur.ar\/wp-content\/uploads\/2024\/07\/sobrevuelo-1_2-Terramar-300x200.jpg 300w, https:\/\/terramar.tur.ar\/wp-content\/uploads\/2024\/07\/sobrevuelo-1_2-Terramar-1024x683.jpg 1024w, https:\/\/terramar.tur.ar\/wp-content\/uploads\/2024\/07\/sobrevuelo-1_2-Terramar-768x512.jpg 768w, https:\/\/terramar.tur.ar\/wp-content\/uploads\/2024\/07\/sobrevuelo-1_2-Terramar-600x400.jpg 600w\" sizes=\"(max-width: 1200px) 100vw, 1200px\" \/><\/p>","protected":false},"excerpt":{"rendered":"<p>N\u00e3o perca a oportunidade de viver essa experi\u00eancia inesquec\u00edvel, estamos esperando por voc\u00ea para sobrevoar a Lagoa Esmeralda e descobrir sua beleza de tirar o f\u00f4lego vista do c\u00e9u!<\/p>","protected":false},"featured_media":2348,"comment_status":"open","ping_status":"closed","template":"","meta":[],"product_brand":[],"product_cat":[18,60],"product_tag":[],"class_list":{"0":"post-2712","1":"product","2":"type-product","3":"status-publish","4":"has-post-thumbnail","6":"product_cat-ushuaia","7":"product_cat-todo-el-ano","9":"first","10":"instock","11":"virtual","12":"sold-individually","13":"taxable","14":"purchasable","15":"product-type-booking"},"booking_location":"","booking_location_type":"","booking_duration":1,"booking_duration_unit":"day","booking_buffer":0,"booking_cost":0,"booking_resources":[],"_links":{"self":[{"href":"https:\/\/terramar.tur.ar\/pt\/wp-json\/wp\/v2\/product\/2712","targetHints":{"allow":["GET"]}}],"collection":[{"href":"https:\/\/terramar.tur.ar\/pt\/wp-json\/wp\/v2\/product"}],"about":[{"href":"https:\/\/terramar.tur.ar\/pt\/wp-json\/wp\/v2\/types\/product"}],"replies":[{"embeddable":true,"href":"https:\/\/terramar.tur.ar\/pt\/wp-json\/wp\/v2\/comments?post=2712"}],"wp:featuredmedia":[{"embeddable":true,"href":"https:\/\/terramar.tur.ar\/pt\/wp-json\/wp\/v2\/media\/2348"}],"wp:attachment":[{"href":"https:\/\/terramar.tur.ar\/pt\/wp-json\/wp\/v2\/media?parent=2712"}],"wp:term":[{"taxonomy":"product_brand","embeddable":true,"href":"https:\/\/terramar.tur.ar\/pt\/wp-json\/wp\/v2\/product_brand?post=2712"},{"taxonomy":"product_cat","embeddable":true,"href":"https:\/\/terramar.tur.ar\/pt\/wp-json\/wp\/v2\/product_cat?post=2712"},{"taxonomy":"product_tag","embeddable":true,"href":"https:\/\/terramar.tur.ar\/pt\/wp-json\/wp\/v2\/product_tag?post=2712"}],"curies":[{"name":"wp","href":"https:\/\/api.w.org\/{rel}","templated":true}]}}

<div class="wrapper_contenidos">Uma paisagem única no mundo, tão perto que parece estar na ponta de seus dedos! E se formos em busca de uma joia natural? Essa experiência maravilhosa começa com um voo sobre a baía de <strong>Ushuaia</strong>, e, em seguida, insira o <strong>Olivia River Valley</strong>, apreciando o majestoso <strong>Monte Olívia</strong> e a característica <strong>Monte Cinco Irmãos</strong>.</div>
<div class="wrapper_contenidos">Quando a imensidão começar a lhe tirar o fôlego, você terá um vislumbre da <strong>Vale do Carbajal</strong>, com sua composição particular de turfa formada ao longo de milhares de anos.</div>
<div class="wrapper_contenidos">A aventura continua pelo vale e segue para uma segunda cadeia de montanhas, que abriga uma incrível massa de água chamada <strong>Lagoa Esmeralda</strong>, Isso se deve à sua cor extraordinária, que se destaca principalmente durante o verão e mantém uma cor que a faz se destacar da paisagem durante o outono, até congelar e ficar branca durante as nevascas do inverno. Essa obra da natureza é uma das atrações mais visitadas no Fim do Mundo. Prepare sua câmera... Você não vai acreditar!</div>
<h3 class="main-title inner grey">CARACTERÍSTICAS</h3>
<ul class="product-crumbs full">
<li class="season">Temporada: o ano todo</li>
<li class="location">Horário e local de partida: de sua acomodação, horário a ser combinado (sujeito a disponibilidade).</li>
<li>Os voos estão sujeitos às condições climáticas.</li>
<li>Devido a uma limitação do fabricante, o peso máximo permitido por assento é de 125 kg.</li>
<li>A disposição dos assentos fica a critério do piloto.</li>
<li>Os helicópteros podem transportar até 3 passageiros; caso haja um lugar livre, é possível preenchê-lo com outro passageiro.</li>
</ul>
<p>&nbsp;</p>
<p>*Tarifas válidas até 31/01/2026. Consulte a disponibilidade e as tarifas após essa data por e-mail ou Whatsapp.</p>
<p><img fetchpriority="high" decoding="async" class="alignnone wp-image-2381 size-full" src="https://terramar.tur.ar/wp-content/uploads/2024/07/sobrevuelo-1_2-Terramar.jpg" alt="sobrevôo1_3" width="1200" height="800" srcset="https://terramar.tur.ar/wp-content/uploads/2024/07/sobrevuelo-1_2-Terramar.jpg 1200w, https://terramar.tur.ar/wp-content/uploads/2024/07/sobrevuelo-1_2-Terramar-300x200.jpg 300w, https://terramar.tur.ar/wp-content/uploads/2024/07/sobrevuelo-1_2-Terramar-1024x683.jpg 1024w, https://terramar.tur.ar/wp-content/uploads/2024/07/sobrevuelo-1_2-Terramar-768x512.jpg 768w, https://terramar.tur.ar/wp-content/uploads/2024/07/sobrevuelo-1_2-Terramar-600x400.jpg 600w" sizes="(max-width: 1200px) 100vw, 1200px" /></p>

<p>Não perca a oportunidade de viver essa experiência inesquecível, estamos esperando por você para sobrevoar a Lagoa Esmeralda e descobrir sua beleza de tirar o fôlego vista do céu!</p>
